{"id":909,"date":"2018-08-29T22:24:49","date_gmt":"2018-08-30T01:24:49","guid":{"rendered":"https:\/\/isfd86-bue.infd.edu.ar\/sitio\/plan-de-estudios\/"},"modified":"2025-06-25T08:33:16","modified_gmt":"2025-06-25T11:33:16","slug":"plan-de-estudios","status":"publish","type":"page","link":"https:\/\/isfd86-bue.infd.edu.ar\/sitio\/plan-de-estudios\/","title":{"rendered":"Plan de estudios y correlatividades"},"content":{"rendered":"\n<p><\/p>\n\n\n\n<p class=\"has-large-font-size\"><strong>27\/08\/2024<\/strong><\/p>\n\n\n\n<figure class=\"wp-block-image size-full\"><img decoding=\"async\" loading=\"lazy\" width=\"960\" height=\"720\" src=\"https:\/\/isfd86-bue.infd.edu.ar\/sitio\/wp-content\/uploads\/2024\/08\/CAI-ACTA-PROCESO-DE-ADECUACION-27082024-B.jpg\" alt=\"\" class=\"wp-image-4346\" srcset=\"https:\/\/isfd86-bue.infd.edu.ar\/sitio\/wp-content\/uploads\/2024\/08\/CAI-ACTA-PROCESO-DE-ADECUACION-27082024-B.jpg 960w, https:\/\/isfd86-bue.infd.edu.ar\/sitio\/wp-content\/uploads\/2024\/08\/CAI-ACTA-PROCESO-DE-ADECUACION-27082024-B-768x576.jpg 768w\" sizes=\"(max-width: 960px) 100vw, 960px\" \/><\/figure>\n\n\n\n<figure class=\"wp-block-gallery has-nested-images columns-default is-cropped wp-block-gallery-1 is-layout-flex\"><\/figure>\n\n\n\n<h2 class=\"wp-block-heading\">09\/02\/2024<img decoding=\"async\" loading=\"lazy\" class=\"alignnone size-medium wp-image-3933\" src=\"https:\/\/isfd86-bue.infd.edu.ar\/sitio\/wp-content\/uploads\/2024\/02\/nuevo-dictamen-carrera-09022024-1000x563.jpg\" alt=\"\" width=\"1000\" height=\"563\" srcset=\"https:\/\/isfd86-bue.infd.edu.ar\/sitio\/wp-content\/uploads\/2024\/02\/nuevo-dictamen-carrera-09022024-1000x563.jpg 1000w, https:\/\/isfd86-bue.infd.edu.ar\/sitio\/wp-content\/uploads\/2024\/02\/nuevo-dictamen-carrera-09022024-768x432.jpg 768w, https:\/\/isfd86-bue.infd.edu.ar\/sitio\/wp-content\/uploads\/2024\/02\/nuevo-dictamen-carrera-09022024.jpg 1280w\" sizes=\"(max-width: 1000px) 100vw, 1000px\" \/><\/h2>\n\n\n<div class=\"wp-block-image\">\n<figure class=\"aligncenter\"><img decoding=\"async\" loading=\"lazy\" width=\"474\" height=\"474\" src=\"https:\/\/isfd86-bue.infd.edu.ar\/sitio\/wp-content\/uploads\/2024\/02\/CLIC-PARA-DESCARGAR.jpg\" alt=\"\" class=\"wp-image-3940\"\/><\/figure><\/div>\n\n\n<h4 class=\"wp-block-heading\"><span style=\"color: #ff0000;\"><a style=\"color: #ff0000;\" href=\"https:\/\/isfd86-bue.infd.edu.ar\/sitio\/wp-content\/uploads\/2024\/02\/IF-2023-45624654-GDEBA-SDIFDIDGCYE-2anexo5Ed-fisica-1.pdf\">&nbsp;ANEXO 5 Ed F\u00edsica&nbsp;&nbsp;&nbsp; <\/a><\/span><\/h4>\n\n\n\n<h4 class=\"wp-block-heading\"><a href=\"https:\/\/isfd86-bue.infd.edu.ar\/sitio\/wp-content\/uploads\/2024\/02\/RSC-2023-52216278-GDEBA-DGCYE-1.pdf\"><span style=\"color: #ff0000;\">RESOLUCI\u00d3N&nbsp; &#8211; SC-2023-52216278-GDEBA-DGCYE<\/span><\/a><\/h4>\n\n\n<div class=\"wp-block-image\">\n<figure class=\"aligncenter\"><img decoding=\"async\" loading=\"lazy\" width=\"225\" height=\"225\" src=\"https:\/\/isfd86-bue.infd.edu.ar\/sitio\/wp-content\/uploads\/2023\/04\/FLECHA-ROJA-HACIA-ARRIBA-1-1.png\" alt=\"\" class=\"wp-image-3541\"\/><\/figure><\/div>\n\n\n<h3 class=\"wp-block-heading\"><strong>NUEVO R\u00c9GIMEN DE CORRELATIVIDADES &#8211; ANEXO 5 Ed. F\u00edsica.&nbsp;<\/strong><\/h3>\n\n\n\n<h4 class=\"wp-block-heading\"><span style=\"color: #ff0000;\">&nbsp;<\/span><\/h4>\n\n\n<div class=\"wp-block-image\">\n<figure class=\"aligncenter\"><a href=\"https:\/\/isfd86-bue.infd.edu.ar\/sitio\/plan-de-estudios\/if-2023-45624654-gdeba-sdifdidgcye-2anexo5ed-fisica-1_page-0001\/#main\" rel=\"attachment wp-att-4142\"><img decoding=\"async\" loading=\"lazy\" width=\"707\" height=\"1000\" src=\"https:\/\/isfd86-bue.infd.edu.ar\/sitio\/wp-content\/uploads\/2024\/03\/IF-2023-45624654-GDEBA-SDIFDIDGCYE-2anexo5Ed-fisica-1_page-0001-707x1000.jpg\" alt=\"\" class=\"wp-image-4142\" srcset=\"https:\/\/isfd86-bue.infd.edu.ar\/sitio\/wp-content\/uploads\/2024\/03\/IF-2023-45624654-GDEBA-SDIFDIDGCYE-2anexo5Ed-fisica-1_page-0001-707x1000.jpg 707w, https:\/\/isfd86-bue.infd.edu.ar\/sitio\/wp-content\/uploads\/2024\/03\/IF-2023-45624654-GDEBA-SDIFDIDGCYE-2anexo5Ed-fisica-1_page-0001-768x1087.jpg 768w, https:\/\/isfd86-bue.infd.edu.ar\/sitio\/wp-content\/uploads\/2024\/03\/IF-2023-45624654-GDEBA-SDIFDIDGCYE-2anexo5Ed-fisica-1_page-0001-1085x1536.jpg 1085w, https:\/\/isfd86-bue.infd.edu.ar\/sitio\/wp-content\/uploads\/2024\/03\/IF-2023-45624654-GDEBA-SDIFDIDGCYE-2anexo5Ed-fisica-1_page-0001.jpg 1240w\" sizes=\"(max-width: 707px) 100vw, 707px\" \/><\/a><\/figure><\/div>\n\n<div class=\"wp-block-image\">\n<figure class=\"aligncenter\"><a href=\"https:\/\/isfd86-bue.infd.edu.ar\/sitio\/plan-de-estudios\/if-2023-45624654-gdeba-sdifdidgcye-2anexo5ed-fisica-1_page-0002\/#main\" rel=\"attachment wp-att-4143\"><img decoding=\"async\" loading=\"lazy\" width=\"707\" height=\"1000\" src=\"https:\/\/isfd86-bue.infd.edu.ar\/sitio\/wp-content\/uploads\/2024\/03\/IF-2023-45624654-GDEBA-SDIFDIDGCYE-2anexo5Ed-fisica-1_page-0002-707x1000.jpg\" alt=\"\" class=\"wp-image-4143\" srcset=\"https:\/\/isfd86-bue.infd.edu.ar\/sitio\/wp-content\/uploads\/2024\/03\/IF-2023-45624654-GDEBA-SDIFDIDGCYE-2anexo5Ed-fisica-1_page-0002-707x1000.jpg 707w, https:\/\/isfd86-bue.infd.edu.ar\/sitio\/wp-content\/uploads\/2024\/03\/IF-2023-45624654-GDEBA-SDIFDIDGCYE-2anexo5Ed-fisica-1_page-0002-768x1087.jpg 768w, https:\/\/isfd86-bue.infd.edu.ar\/sitio\/wp-content\/uploads\/2024\/03\/IF-2023-45624654-GDEBA-SDIFDIDGCYE-2anexo5Ed-fisica-1_page-0002-1085x1536.jpg 1085w, https:\/\/isfd86-bue.infd.edu.ar\/sitio\/wp-content\/uploads\/2024\/03\/IF-2023-45624654-GDEBA-SDIFDIDGCYE-2anexo5Ed-fisica-1_page-0002.jpg 1240w\" sizes=\"(max-width: 707px) 100vw, 707px\" \/><\/a><\/figure><\/div>\n\n<div class=\"wp-block-image\">\n<figure class=\"aligncenter\"><a href=\"https:\/\/isfd86-bue.infd.edu.ar\/sitio\/plan-de-estudios\/if-2023-45624654-gdeba-sdifdidgcye-2anexo5ed-fisica-1_page-0003\/#main\" rel=\"attachment wp-att-4144\"><img decoding=\"async\" loading=\"lazy\" width=\"707\" height=\"1000\" src=\"https:\/\/isfd86-bue.infd.edu.ar\/sitio\/wp-content\/uploads\/2024\/03\/IF-2023-45624654-GDEBA-SDIFDIDGCYE-2anexo5Ed-fisica-1_page-0003-707x1000.jpg\" alt=\"\" class=\"wp-image-4144\" srcset=\"https:\/\/isfd86-bue.infd.edu.ar\/sitio\/wp-content\/uploads\/2024\/03\/IF-2023-45624654-GDEBA-SDIFDIDGCYE-2anexo5Ed-fisica-1_page-0003-707x1000.jpg 707w, https:\/\/isfd86-bue.infd.edu.ar\/sitio\/wp-content\/uploads\/2024\/03\/IF-2023-45624654-GDEBA-SDIFDIDGCYE-2anexo5Ed-fisica-1_page-0003-768x1087.jpg 768w, https:\/\/isfd86-bue.infd.edu.ar\/sitio\/wp-content\/uploads\/2024\/03\/IF-2023-45624654-GDEBA-SDIFDIDGCYE-2anexo5Ed-fisica-1_page-0003-1085x1536.jpg 1085w, https:\/\/isfd86-bue.infd.edu.ar\/sitio\/wp-content\/uploads\/2024\/03\/IF-2023-45624654-GDEBA-SDIFDIDGCYE-2anexo5Ed-fisica-1_page-0003.jpg 1240w\" sizes=\"(max-width: 707px) 100vw, 707px\" \/><\/a><\/figure><\/div>\n\n<div class=\"wp-block-image\">\n<figure class=\"aligncenter\"><img decoding=\"async\" src=\"https:\/\/isfd86-bue.infd.edu.ar\/sitio\/wp-content\/uploads\/2024\/03\/IF-2023-45624654-GDEBA-SDIFDIDGCYE-2anexo5Ed-fisica-1_page-0004-773x1000.jpg\" alt=\"\"\/><\/figure><\/div>\n\n\n<h2 class=\"wp-block-heading\"><a href=\"https:\/\/isfd86-bue.infd.edu.ar\/sitio\/wp-content\/uploads\/2019\/10\/res2432-09fd_educ_fisica.pdf\">Resoluci\u00f3n del Profesorado de Educaci\u00f3n F\u00edsica N\u00b02432\/09<\/a><\/h2>\n\n\n\n<figure class=\"wp-block-image\"><img decoding=\"async\" loading=\"lazy\" width=\"914\" height=\"906\" src=\"https:\/\/isfd86-bue.infd.edu.ar\/sitio\/wp-content\/uploads\/2019\/10\/Capturaisfd-86-folleto-a.jpg\" alt=\"\" class=\"wp-image-1386\" srcset=\"https:\/\/isfd86-bue.infd.edu.ar\/sitio\/wp-content\/uploads\/2019\/10\/Capturaisfd-86-folleto-a.jpg 914w, https:\/\/isfd86-bue.infd.edu.ar\/sitio\/wp-content\/uploads\/2019\/10\/Capturaisfd-86-folleto-a-768x761.jpg 768w\" sizes=\"(max-width: 914px) 100vw, 914px\" \/><\/figure>\n\n\n\n<figure class=\"wp-block-image\"><img decoding=\"async\" loading=\"lazy\" width=\"911\" height=\"906\" src=\"https:\/\/isfd86-bue.infd.edu.ar\/sitio\/wp-content\/uploads\/2019\/10\/Capturaisfd-86-folleto-b.jpg\" alt=\"\" class=\"wp-image-1388\" srcset=\"https:\/\/isfd86-bue.infd.edu.ar\/sitio\/wp-content\/uploads\/2019\/10\/Capturaisfd-86-folleto-b.jpg 911w, https:\/\/isfd86-bue.infd.edu.ar\/sitio\/wp-content\/uploads\/2019\/10\/Capturaisfd-86-folleto-b-768x764.jpg 768w\" sizes=\"(max-width: 911px) 100vw, 911px\" \/><\/figure>\n\n\n\n<p><span style=\"font-family: verdana, geneva; font-size: 10pt;\"> <\/span><\/p>\n\n\n\n<p><\/p>\n\n\n\n<div class=\"wp-block-file\"><object class=\"wp-block-file__embed\" data=\"https:\/\/isfd86-bue.infd.edu.ar\/sitio\/wp-content\/uploads\/2024\/08\/Prof.-E.-Fisica-Plan-de-estudios-cuadernillo-1.pdf\" type=\"application\/pdf\" style=\"width:100%;height:1540px\" aria-label=\"Incrustado de Prof.-E.-Fisica-Plan-de-estudios-cuadernillo-1.\"><\/object><a id=\"wp-block-file--media-f90f4274-dcf9-47c3-8348-55e85cfef332\" href=\"https:\/\/isfd86-bue.infd.edu.ar\/sitio\/wp-content\/uploads\/2024\/08\/Prof.-E.-Fisica-Plan-de-estudios-cuadernillo-1.pdf\">Prof.-E.-Fisica-Plan-de-estudios-cuadernillo-1<\/a><a href=\"https:\/\/isfd86-bue.infd.edu.ar\/sitio\/wp-content\/uploads\/2024\/08\/Prof.-E.-Fisica-Plan-de-estudios-cuadernillo-1.pdf\" class=\"wp-block-file__button wp-element-button\" download aria-describedby=\"wp-block-file--media-f90f4274-dcf9-47c3-8348-55e85cfef332\">Descarga<\/a><\/div>\n\n\n\n<div style=\"height:95px\" aria-hidden=\"true\" class=\"wp-block-spacer\"><\/div>\n","protected":false},"excerpt":{"rendered":"<p>27\/08\/2024 09\/02\/2024 &nbsp;ANEXO 5 Ed F\u00edsica&nbsp;&nbsp;&nbsp; RESOLUCI\u00d3N&nbsp; &#8211; SC-2023-52216278-GDEBA-DGCYE NUEVO R\u00c9GIMEN DE CORRELATIVIDADES &#8211; ANEXO 5 Ed. F\u00edsica.&nbsp; &nbsp; Resoluci\u00f3n del Profesorado de Educaci\u00f3n F\u00edsica N\u00b02432\/09<\/p>\n","protected":false},"author":29,"featured_media":0,"parent":0,"menu_order":0,"comment_status":"closed","ping_status":"closed","template":"","meta":[],"acf":[],"_links":{"self":[{"href":"https:\/\/isfd86-bue.infd.edu.ar\/sitio\/wp-json\/wp\/v2\/pages\/909"}],"collection":[{"href":"https:\/\/isfd86-bue.infd.edu.ar\/sitio\/wp-json\/wp\/v2\/pages"}],"about":[{"href":"https:\/\/isfd86-bue.infd.edu.ar\/sitio\/wp-json\/wp\/v2\/types\/page"}],"author":[{"embeddable":true,"href":"https:\/\/isfd86-bue.infd.edu.ar\/sitio\/wp-json\/wp\/v2\/users\/29"}],"replies":[{"embeddable":true,"href":"https:\/\/isfd86-bue.infd.edu.ar\/sitio\/wp-json\/wp\/v2\/comments?post=909"}],"version-history":[{"count":16,"href":"https:\/\/isfd86-bue.infd.edu.ar\/sitio\/wp-json\/wp\/v2\/pages\/909\/revisions"}],"predecessor-version":[{"id":4664,"href":"https:\/\/isfd86-bue.infd.edu.ar\/sitio\/wp-json\/wp\/v2\/pages\/909\/revisions\/4664"}],"wp:attachment":[{"href":"https:\/\/isfd86-bue.infd.edu.ar\/sitio\/wp-json\/wp\/v2\/media?parent=909"}],"curies":[{"name":"wp","href":"https:\/\/api.w.org\/{rel}","templated":true}]}}