{"id":894,"date":"2018-08-29T22:24:45","date_gmt":"2018-08-30T01:24:45","guid":{"rendered":"https:\/\/isfd86-bue.infd.edu.ar\/sitio\/concursos-docentes\/"},"modified":"2026-04-29T21:35:52","modified_gmt":"2026-04-30T00:35:52","slug":"pruebas-de-seleccion-docentes-y-cargos","status":"publish","type":"page","link":"https:\/\/isfd86-bue.infd.edu.ar\/sitio\/pruebas-de-seleccion-docentes-y-cargos\/","title":{"rendered":"Pruebas de selecci\u00f3n Docentes y Cargos"},"content":{"rendered":"\n<h2 class=\"wp-block-heading has-text-align-center\"><mark style=\"background-color:rgba(0, 0, 0, 0)\" class=\"has-inline-color has-accent-color\">A\u00d1O 2026 &#8211; NUEVA RESOLUCI\u00d3N N\u00b06179\/25<\/mark><\/h2>\n\n\n\n<h2 class=\"wp-block-heading has-text-align-center\"><mark style=\"background-color:rgba(0, 0, 0, 0);color:#bf1f60\" class=\"has-inline-color\">Pruebas de selecci\u00f3n para cobertura por evaluaci\u00f3n de t\u00edtulos, antecedentes y oposici\u00f3n de unidades curriculares y cargos docentes.<\/mark><\/h2>\n\n\n\n<p><mark style=\"background-color:rgba(0, 0, 0, 0);color:#dd2b25\" class=\"has-inline-color\"><strong>Nueva Resoluci\u00f3n:<\/strong><\/mark><\/p>\n\n\n\n<div class=\"wp-block-file\"><object class=\"wp-block-file__embed\" data=\"https:\/\/isfd86-bue.infd.edu.ar\/sitio\/wp-content\/uploads\/2026\/02\/RESOC-2025-6179-GDEBA-DGCYE-1.pdf\" type=\"application\/pdf\" style=\"width:100%;height:650px\" aria-label=\"Incrustado de RESOC-2025-6179-GDEBA-DGCYE-1.\"><\/object><a id=\"wp-block-file--media-ddc4c380-641f-4156-8d72-27e1bcb59679\" href=\"https:\/\/isfd86-bue.infd.edu.ar\/sitio\/wp-content\/uploads\/2026\/02\/RESOC-2025-6179-GDEBA-DGCYE-1.pdf\">RESOC-2025-6179-GDEBA-DGCYE-1<\/a><a href=\"https:\/\/isfd86-bue.infd.edu.ar\/sitio\/wp-content\/uploads\/2026\/02\/RESOC-2025-6179-GDEBA-DGCYE-1.pdf\" class=\"wp-block-file__button wp-element-button\" download aria-describedby=\"wp-block-file--media-ddc4c380-641f-4156-8d72-27e1bcb59679\">Descarga<\/a><\/div>\n\n\n\n<hr class=\"wp-block-separator has-alpha-channel-opacity\"\/>\n\n\n\n<h2 class=\"wp-block-heading has-text-align-center\"><mark style=\"background-color:rgba(0, 0, 0, 0);color:#d62b42\" class=\"has-inline-color\">PRUEBAS DE SELECCI\u00d3N 2026<\/mark><\/h2>\n\n\n\n<p><\/p>\n\n\n\n<h2 class=\"wp-block-heading\">Enlace a los <a href=\"https:\/\/drive.google.com\/drive\/folders\/1Tcw10tleL4uLfritnUQmMGQ6MdbythhZ?usp=sharing.\">Anexos<\/a> de Res N\u00b06179\/25<\/h2>\n\n\n\n<h2 class=\"wp-block-heading has-text-align-center\">\u00a1ATENCI\u00d3N! <\/h2>\n\n\n\n<h2 class=\"wp-block-heading\">Clic en el enlace para ver vacantes:<\/h2>\n\n\n\n<h2 class=\"wp-block-heading has-text-align-center\"><a href=\"https:\/\/docs.google.com\/spreadsheets\/d\/1IJ0jNBpbumeHyw1LXZpn9LBUmBgyaTgCDa1IqMTDcJQ\/edit?usp=sharing\"><mark style=\"background-color:rgba(0, 0, 0, 0);color:#3893d6\" class=\"has-inline-color\"><strong>PRUEBAS DE SELECCI\u00d3N 20<\/strong><\/mark><\/a><strong><mark style=\"background-color:rgba(0, 0, 0, 0);color:#2c7cc2\" class=\"has-inline-color\">26<\/mark><\/strong><\/h2>\n\n\n<div class=\"wp-block-image\">\n<figure class=\"aligncenter size-full is-resized\"><img decoding=\"async\" loading=\"lazy\" src=\"https:\/\/isfd86-bue.infd.edu.ar\/sitio\/wp-content\/uploads\/2026\/02\/flecha-arriba-.png\" alt=\"\" class=\"wp-image-4786\" width=\"107\" height=\"96\"\/><\/figure><\/div>\n\n\n<div class=\"wp-block-file\"><object class=\"wp-block-file__embed\" data=\"https:\/\/isfd86-bue.infd.edu.ar\/sitio\/wp-content\/uploads\/2026\/02\/Presentacion-Subd-Institucional-de-Res-6179-25-en-Encuentro-Directores-e-Inspectores-26-DE-NOVIEMBRE-2025.pdf\" type=\"application\/pdf\" style=\"width:100%;height:600px\" aria-label=\"Incrustado de Presentacion-Subd-Institucional-de-Res-6179-25-en-Encuentro-Directores-e-Inspectores-26-DE-NOVIEMBRE-2025.\"><\/object><a id=\"wp-block-file--media-96b0c782-6ad8-4d96-830a-7db972c27c54\" href=\"https:\/\/isfd86-bue.infd.edu.ar\/sitio\/wp-content\/uploads\/2026\/02\/Presentacion-Subd-Institucional-de-Res-6179-25-en-Encuentro-Directores-e-Inspectores-26-DE-NOVIEMBRE-2025.pdf\">Presentacion-Subd-Institucional-de-Res-6179-25-en-Encuentro-Directores-e-Inspectores-26-DE-NOVIEMBRE-2025<\/a><a href=\"https:\/\/isfd86-bue.infd.edu.ar\/sitio\/wp-content\/uploads\/2026\/02\/Presentacion-Subd-Institucional-de-Res-6179-25-en-Encuentro-Directores-e-Inspectores-26-DE-NOVIEMBRE-2025.pdf\" class=\"wp-block-file__button wp-element-button\" download aria-describedby=\"wp-block-file--media-96b0c782-6ad8-4d96-830a-7db972c27c54\">Descarga<\/a><\/div>\n\n\n\n<hr class=\"wp-block-separator has-alpha-channel-opacity\"\/>\n\n\n\n<h2 class=\"wp-block-heading\">Vacantes a cubrir por Pruebas de Selecci\u00f3n:<\/h2>\n\n\n\n<p>30-04-2026_Pruebas de Selecci\u00f3n: Segundo llamado Did\u00e1ctica de las Pr\u00e1cticas Deportivas III (F\u00fatbol, Hockey, Rugby)- 4\u00b0A\u00f1o<\/p>\n\n\n\n<div class=\"wp-block-file\"><object class=\"wp-block-file__embed\" data=\"https:\/\/isfd86-bue.infd.edu.ar\/sitio\/wp-content\/uploads\/2026\/04\/Prueba-Sel-para-SAD_ISFD-N\u00b086_30-04-2026-DPD-III.pdf\" type=\"application\/pdf\" style=\"width:100%;height:600px\" aria-label=\"Incrustado de Prueba-Sel-para-SAD_ISFD-N\u00b086_30-04-2026-DPD-III.\"><\/object><a id=\"wp-block-file--media-b42390de-6d58-4945-b5c0-c8092ceb9a59\" href=\"https:\/\/isfd86-bue.infd.edu.ar\/sitio\/wp-content\/uploads\/2026\/04\/Prueba-Sel-para-SAD_ISFD-N\u00b086_30-04-2026-DPD-III.pdf\">Prueba-Sel-para-SAD_ISFD-N\u00b086_30-04-2026-DPD-III<\/a><a href=\"https:\/\/isfd86-bue.infd.edu.ar\/sitio\/wp-content\/uploads\/2026\/04\/Prueba-Sel-para-SAD_ISFD-N\u00b086_30-04-2026-DPD-III.pdf\" class=\"wp-block-file__button wp-element-button\" download aria-describedby=\"wp-block-file--media-b42390de-6d58-4945-b5c0-c8092ceb9a59\">Descarga<\/a><\/div>\n\n\n\n<p>30-04-2026_Pruebas de Selecci\u00f3n: Segundo llamado Metodolog\u00eda de la investigaci\u00f3n en Educaci\u00f3n F\u00edsica &#8211; 3\u00b0 A\u00f1o<\/p>\n\n\n\n<div class=\"wp-block-file\"><object class=\"wp-block-file__embed\" data=\"https:\/\/isfd86-bue.infd.edu.ar\/sitio\/wp-content\/uploads\/2026\/04\/Prueba-Sel-para-SAD_ISFD-N\u00b086_30-04-2026-Met-de-la-Inv-en-Ed-Fis.pdf\" type=\"application\/pdf\" style=\"width:100%;height:600px\" aria-label=\"Incrustado de Prueba-Sel-para-SAD_ISFD-N\u00b086_30-04-2026-Met-de-la-Inv-en-Ed-Fis.\"><\/object><a id=\"wp-block-file--media-ef411e87-d59c-4dc4-8668-fb8a1704ccc5\" href=\"https:\/\/isfd86-bue.infd.edu.ar\/sitio\/wp-content\/uploads\/2026\/04\/Prueba-Sel-para-SAD_ISFD-N\u00b086_30-04-2026-Met-de-la-Inv-en-Ed-Fis.pdf\">Prueba-Sel-para-SAD_ISFD-N\u00b086_30-04-2026-Met-de-la-Inv-en-Ed-Fis<\/a><a href=\"https:\/\/isfd86-bue.infd.edu.ar\/sitio\/wp-content\/uploads\/2026\/04\/Prueba-Sel-para-SAD_ISFD-N\u00b086_30-04-2026-Met-de-la-Inv-en-Ed-Fis.pdf\" class=\"wp-block-file__button wp-element-button\" download aria-describedby=\"wp-block-file--media-ef411e87-d59c-4dc4-8668-fb8a1704ccc5\">Descarga<\/a><\/div>\n\n\n\n<p>24-04-2026_ Pruebas de Selecci\u00f3n: Segundo llamado de Did\u00e1ctica de las Pr\u00e1cticas Deportivas I (Voley y Sofbol) &#8211; 2\u00b0 A\u00f1o.<\/p>\n\n\n\n<div class=\"wp-block-file\"><object class=\"wp-block-file__embed\" data=\"https:\/\/isfd86-bue.infd.edu.ar\/sitio\/wp-content\/uploads\/2026\/04\/Prueb-Sel_-DPD-I_24-04-2026.pdf\" type=\"application\/pdf\" style=\"width:100%;height:600px\" aria-label=\"Incrustado de Prueb-Sel_-DPD-I_24-04-2026.\"><\/object><a id=\"wp-block-file--media-5d1e3795-70a5-4fc0-9b2c-05df04588691\" href=\"https:\/\/isfd86-bue.infd.edu.ar\/sitio\/wp-content\/uploads\/2026\/04\/Prueb-Sel_-DPD-I_24-04-2026.pdf\">Prueb-Sel_-DPD-I_24-04-2026<\/a><a href=\"https:\/\/isfd86-bue.infd.edu.ar\/sitio\/wp-content\/uploads\/2026\/04\/Prueb-Sel_-DPD-I_24-04-2026.pdf\" class=\"wp-block-file__button wp-element-button\" download aria-describedby=\"wp-block-file--media-5d1e3795-70a5-4fc0-9b2c-05df04588691\">Descarga<\/a><\/div>\n\n\n\n<p>10-04-2026_Pruebas de selecci\u00f3n de: CPD I &#8211; Psicolog\u00eda del Desarrollo y el Aprendizaje I y II &#8211; Did\u00e1ctica de las Pr\u00e1cticas Auc\u00e1ticas- Did\u00e1ctica de las Pr\u00e1cticas Atl\u00e9ticas y Did\u00e1ctica de las Pr\u00e1cticas Gimn\u00e1sticas Especiales:<\/p>\n\n\n\n<div class=\"wp-block-file\"><object class=\"wp-block-file__embed\" data=\"https:\/\/isfd86-bue.infd.edu.ar\/sitio\/wp-content\/uploads\/2026\/04\/Prueba-Sel-para-SAD_ISFD-N\u00b086_09-04-2026.pdf\" type=\"application\/pdf\" style=\"width:100%;height:600px\" aria-label=\"Incrustado de Prueba-Sel-para-SAD_ISFD-N\u00b086_09-04-2026.\"><\/object><a id=\"wp-block-file--media-17eda926-0b95-4302-9729-fe2772aba832\" href=\"https:\/\/isfd86-bue.infd.edu.ar\/sitio\/wp-content\/uploads\/2026\/04\/Prueba-Sel-para-SAD_ISFD-N\u00b086_09-04-2026.pdf\">Prueba-Sel-para-SAD_ISFD-N\u00b086_09-04-2026<\/a><a href=\"https:\/\/isfd86-bue.infd.edu.ar\/sitio\/wp-content\/uploads\/2026\/04\/Prueba-Sel-para-SAD_ISFD-N\u00b086_09-04-2026.pdf\" class=\"wp-block-file__button wp-element-button\" download aria-describedby=\"wp-block-file--media-17eda926-0b95-4302-9729-fe2772aba832\">Descarga<\/a><\/div>\n\n\n\n<p><\/p>\n\n\n\n<div class=\"wp-block-file\"><object class=\"wp-block-file__embed\" data=\"https:\/\/isfd86-bue.infd.edu.ar\/sitio\/wp-content\/uploads\/2026\/03\/Prueba-Sel-Analisis-del-Mundo-Contemp-19-03-26.pdf\" type=\"application\/pdf\" style=\"width:100%;height:600px\" aria-label=\"Incrustado de Prueba-Sel-Analisis-del-Mundo-Contemp-19-03-26.\"><\/object><a id=\"wp-block-file--media-2308edee-de22-47d1-8e32-04e334dd8eb8\" href=\"https:\/\/isfd86-bue.infd.edu.ar\/sitio\/wp-content\/uploads\/2026\/03\/Prueba-Sel-Analisis-del-Mundo-Contemp-19-03-26.pdf\">Prueba-Sel-Analisis-del-Mundo-Contemp-19-03-26<\/a><a href=\"https:\/\/isfd86-bue.infd.edu.ar\/sitio\/wp-content\/uploads\/2026\/03\/Prueba-Sel-Analisis-del-Mundo-Contemp-19-03-26.pdf\" class=\"wp-block-file__button wp-element-button\" download aria-describedby=\"wp-block-file--media-2308edee-de22-47d1-8e32-04e334dd8eb8\">Descarga<\/a><\/div>\n\n\n\n<div class=\"wp-block-file\"><object class=\"wp-block-file__embed\" data=\"https:\/\/isfd86-bue.infd.edu.ar\/sitio\/wp-content\/uploads\/2026\/03\/Prueba-Sel-Metodologia-de-la-investigacion-SAD-11-03-26.pdf\" type=\"application\/pdf\" style=\"width:100%;height:600px\" aria-label=\"Incrustado de Prueba-Sel-Metodologia-de-la-investigacion-SAD-11-03-26.\"><\/object><a id=\"wp-block-file--media-58c90da1-b774-4690-afb7-c003c865831e\" href=\"https:\/\/isfd86-bue.infd.edu.ar\/sitio\/wp-content\/uploads\/2026\/03\/Prueba-Sel-Metodologia-de-la-investigacion-SAD-11-03-26.pdf\">Prueba-Sel-Metodologia-de-la-investigacion-SAD-11-03-26<\/a><a href=\"https:\/\/isfd86-bue.infd.edu.ar\/sitio\/wp-content\/uploads\/2026\/03\/Prueba-Sel-Metodologia-de-la-investigacion-SAD-11-03-26.pdf\" class=\"wp-block-file__button wp-element-button\" download aria-describedby=\"wp-block-file--media-58c90da1-b774-4690-afb7-c003c865831e\">Descarga<\/a><\/div>\n\n\n\n<div class=\"wp-block-file\"><object class=\"wp-block-file__embed\" data=\"https:\/\/isfd86-bue.infd.edu.ar\/sitio\/wp-content\/uploads\/2026\/03\/PruebaSel-Did-Pract-Deportivas-I-2026-para-SAD-11-03-26.pdf\" type=\"application\/pdf\" style=\"width:100%;height:600px\" aria-label=\"Incrustado de PruebaSel-Did-Pract-Deportivas-I-2026-para-SAD-11-03-26.\"><\/object><a id=\"wp-block-file--media-96401f34-cde7-4043-8048-64f2dbbd3b8e\" href=\"https:\/\/isfd86-bue.infd.edu.ar\/sitio\/wp-content\/uploads\/2026\/03\/PruebaSel-Did-Pract-Deportivas-I-2026-para-SAD-11-03-26.pdf\">PruebaSel-Did-Pract-Deportivas-I-2026-para-SAD-11-03-26<\/a><a href=\"https:\/\/isfd86-bue.infd.edu.ar\/sitio\/wp-content\/uploads\/2026\/03\/PruebaSel-Did-Pract-Deportivas-I-2026-para-SAD-11-03-26.pdf\" class=\"wp-block-file__button wp-element-button\" download aria-describedby=\"wp-block-file--media-96401f34-cde7-4043-8048-64f2dbbd3b8e\">Descarga<\/a><\/div>\n\n\n\n<div class=\"wp-block-file\"><object class=\"wp-block-file__embed\" data=\"https:\/\/isfd86-bue.infd.edu.ar\/sitio\/wp-content\/uploads\/2026\/03\/PruebaSel-Did-Pract-Deportivas-III-2026-para-SAD-11-03-26.pdf\" type=\"application\/pdf\" style=\"width:100%;height:600px\" aria-label=\"Incrustado de PruebaSel-Did-Pract-Deportivas-III-2026-para-SAD-11-03-26.\"><\/object><a id=\"wp-block-file--media-daeef478-4136-459f-a397-a509bab0b827\" href=\"https:\/\/isfd86-bue.infd.edu.ar\/sitio\/wp-content\/uploads\/2026\/03\/PruebaSel-Did-Pract-Deportivas-III-2026-para-SAD-11-03-26.pdf\">PruebaSel-Did-Pract-Deportivas-III-2026-para-SAD-11-03-26<\/a><a href=\"https:\/\/isfd86-bue.infd.edu.ar\/sitio\/wp-content\/uploads\/2026\/03\/PruebaSel-Did-Pract-Deportivas-III-2026-para-SAD-11-03-26.pdf\" class=\"wp-block-file__button wp-element-button\" download aria-describedby=\"wp-block-file--media-daeef478-4136-459f-a397-a509bab0b827\">Descarga<\/a><\/div>\n\n\n\n<hr class=\"wp-block-separator has-alpha-channel-opacity\"\/>\n\n\n\n<p><strong>RESOLUCI\u00d3N N\u00ba 2432\/09- DISE\u00d1O CURRICULAR DEL PROFESORADO DE EDUCACI\u00d3N F\u00cdSICA NIVEL SUPERIOR<\/strong> <\/p>\n\n\n\n<div class=\"wp-block-file\"><object class=\"wp-block-file__embed\" data=\"https:\/\/isfd86-bue.infd.edu.ar\/sitio\/wp-content\/uploads\/2025\/02\/RESOLUCION-2432-DISENO-CURRICULAR-EDUCACION-SUPERIOR-EDUCACION-FISICA.pdf\" type=\"application\/pdf\" style=\"width:100%;height:840px\" aria-label=\"Incrustado de RESOLUCION-2432-DISENO-CURRICULAR-EDUCACION-SUPERIOR-EDUCACION-FISICA.\"><\/object><a id=\"wp-block-file--media-00ab5c98-5d7f-497d-89b5-80e7978440bf\" href=\"https:\/\/isfd86-bue.infd.edu.ar\/sitio\/wp-content\/uploads\/2025\/02\/RESOLUCION-2432-DISENO-CURRICULAR-EDUCACION-SUPERIOR-EDUCACION-FISICA.pdf\">RESOLUCION-2432-DISENO-CURRICULAR-EDUCACION-SUPERIOR-EDUCACION-FISICA<\/a><a href=\"https:\/\/isfd86-bue.infd.edu.ar\/sitio\/wp-content\/uploads\/2025\/02\/RESOLUCION-2432-DISENO-CURRICULAR-EDUCACION-SUPERIOR-EDUCACION-FISICA.pdf\" class=\"wp-block-file__button wp-element-button\" download aria-describedby=\"wp-block-file--media-00ab5c98-5d7f-497d-89b5-80e7978440bf\">Descarga<\/a><\/div>\n\n\n\n<p><\/p>\n\n\n\n<p><\/p>\n\n\n\n<p><\/p>\n\n\n\n<p><\/p>\n\n\n\n<p><\/p>\n\n\n\n<p><\/p>\n\n\n\n<p><\/p>\n","protected":false},"excerpt":{"rendered":"<p>A\u00d1O 2026 &#8211; NUEVA RESOLUCI\u00d3N N\u00b06179\/25 Pruebas de selecci\u00f3n para cobertura por evaluaci\u00f3n de t\u00edtulos, antecedentes y oposici\u00f3n de unidades curriculares y cargos docentes. Nueva Resoluci\u00f3n: PRUEBAS DE SELECCI\u00d3N 2026 Enlace a los Anexos de Res N\u00b06179\/25 \u00a1ATENCI\u00d3N! Clic en el enlace para ver vacantes: PRUEBAS DE SELECCI\u00d3N 2026 Vacantes a cubrir por Pruebas de &#8230; <a title=\"Pruebas de selecci\u00f3n Docentes y Cargos\" class=\"read-more\" href=\"https:\/\/isfd86-bue.infd.edu.ar\/sitio\/pruebas-de-seleccion-docentes-y-cargos\/\" aria-label=\"More on Pruebas de selecci\u00f3n Docentes y Cargos\">[+]<\/a><\/p>\n","protected":false},"author":29,"featured_media":0,"parent":0,"menu_order":0,"comment_status":"closed","ping_status":"closed","template":"","meta":[],"acf":[],"_links":{"self":[{"href":"https:\/\/isfd86-bue.infd.edu.ar\/sitio\/wp-json\/wp\/v2\/pages\/894"}],"collection":[{"href":"https:\/\/isfd86-bue.infd.edu.ar\/sitio\/wp-json\/wp\/v2\/pages"}],"about":[{"href":"https:\/\/isfd86-bue.infd.edu.ar\/sitio\/wp-json\/wp\/v2\/types\/page"}],"author":[{"embeddable":true,"href":"https:\/\/isfd86-bue.infd.edu.ar\/sitio\/wp-json\/wp\/v2\/users\/29"}],"replies":[{"embeddable":true,"href":"https:\/\/isfd86-bue.infd.edu.ar\/sitio\/wp-json\/wp\/v2\/comments?post=894"}],"version-history":[{"count":126,"href":"https:\/\/isfd86-bue.infd.edu.ar\/sitio\/wp-json\/wp\/v2\/pages\/894\/revisions"}],"predecessor-version":[{"id":4913,"href":"https:\/\/isfd86-bue.infd.edu.ar\/sitio\/wp-json\/wp\/v2\/pages\/894\/revisions\/4913"}],"wp:attachment":[{"href":"https:\/\/isfd86-bue.infd.edu.ar\/sitio\/wp-json\/wp\/v2\/media?parent=894"}],"curies":[{"name":"wp","href":"https:\/\/api.w.org\/{rel}","templated":true}]}}