{"id":4631,"date":"2025-06-02T10:02:45","date_gmt":"2025-06-02T13:02:45","guid":{"rendered":"https:\/\/isfd86-bue.infd.edu.ar\/sitio\/?page_id=4631"},"modified":"2025-06-03T14:47:43","modified_gmt":"2025-06-03T17:47:43","slug":"salida-educativa-rep-inst","status":"publish","type":"page","link":"https:\/\/isfd86-bue.infd.edu.ar\/sitio\/salida-educativa-rep-inst\/","title":{"rendered":"Salida educativa\/Rep Inst."},"content":{"rendered":"\n<p>SALIDA EDUCATIVA\/REPRESENTACI\u00d3N INSTITUCIONAL<\/p>\n\n\n\n<p>Resoluci\u00f3n firma conjunta:<\/p>\n\n\n\n<p>  <a href=\"https:\/\/drive.google.com\/file\/d\/1i2MzLEh8WH8Fj4oVwsm6lJmrWTx5KVA0\/view?usp=sharing\">Resoc-2024-3871-DGCyE<\/a><\/p>\n\n\n\n<p><strong>REQUISITOS GRALES PARA LA REALIZACI\u00d3N DE SALIDAS EDUCATIVAS\/REPRESENTACI\u00d3N INSTITUCIONAL<\/strong><\/p>\n\n\n\n<p><a href=\"https:\/\/drive.google.com\/file\/d\/16BiiYBGauEoOuLsNC9ax499Z6GDc79o-\/view?usp=sharing\">ANEXO I<\/a><\/p>\n\n\n\n<p><a href=\"https:\/\/drive.google.com\/file\/d\/1Xsjw7ZAWNbOFV-ifHmdSddRegFkfAATH\/view?usp=sharing\">ANEXO II<\/a><\/p>\n\n\n\n<p><strong>AUTORIZACI\u00d3N GENERAL PARA ACTIVIDADES DURANTE EL CICLO LECTIVO<\/strong><\/p>\n\n\n\n<p>Menores de 18 a\u00f1os:<\/p>\n\n\n\n<p><a href=\"https:\/\/drive.google.com\/file\/d\/16MjkKfBetwBfW7lGmUEZjU42XnKVlxPZ\/view?usp=sharing\">ANEXO III<\/a><\/p>\n\n\n\n<p><strong>SALIDAS EDUCATIVAS\/REP INSTITUCIONAL (DEM\u00c1S ANEXOS EN WORD)<\/strong><\/p>\n\n\n\n<p>Formulario de itinerario, actividades, objetivos y cronograma: <\/p>\n\n\n\n<div class=\"wp-block-file\"><a id=\"wp-block-file--media-1a31d832-4cfc-4700-a8a0-dacf56b754ec\" href=\"https:\/\/isfd86-bue.infd.edu.ar\/sitio\/wp-content\/uploads\/2025\/06\/ANEXO-4-IF-2024-35029395-GDEBA-CGCYEDGCYE-3.docx\">ANEXO-IV<\/a><a href=\"https:\/\/isfd86-bue.infd.edu.ar\/sitio\/wp-content\/uploads\/2025\/06\/ANEXO-4-IF-2024-35029395-GDEBA-CGCYEDGCYE-3.docx\" class=\"wp-block-file__button wp-element-button\" download aria-describedby=\"wp-block-file--media-1a31d832-4cfc-4700-a8a0-dacf56b754ec\">Descarga<\/a><\/div>\n\n\n\n<p><\/p>\n\n\n\n<p>Planilla de estudiantes y acompa\u00f1antes \/planilla de asistencia:<\/p>\n\n\n\n<div class=\"wp-block-file\"><a id=\"wp-block-file--media-f7b48be8-3b04-4c6a-b1d7-5bc0065f72df\" href=\"https:\/\/isfd86-bue.infd.edu.ar\/sitio\/wp-content\/uploads\/2025\/06\/ANEXO-5-IF-2024-35029666-GDEBA-CGCYEDGCYE-1.docx\">ANEXO-V<\/a><a href=\"https:\/\/isfd86-bue.infd.edu.ar\/sitio\/wp-content\/uploads\/2025\/06\/ANEXO-5-IF-2024-35029666-GDEBA-CGCYEDGCYE-1.docx\" class=\"wp-block-file__button wp-element-button\" download aria-describedby=\"wp-block-file--media-f7b48be8-3b04-4c6a-b1d7-5bc0065f72df\">Descarga<\/a><\/div>\n\n\n\n<p><\/p>\n\n\n\n<p>Planilla informativa y autorizaci\u00f3n:<\/p>\n\n\n\n<div class=\"wp-block-file\"><a id=\"wp-block-file--media-5b10fa9f-e922-41bb-9ab2-a45af98d8a6d\" href=\"https:\/\/isfd86-bue.infd.edu.ar\/sitio\/wp-content\/uploads\/2025\/06\/ANEXO-6-IF-2024-35030478-GDEBA-CGCYEDGCYE-1.docx\">ANEXO-VI<\/a><a href=\"https:\/\/isfd86-bue.infd.edu.ar\/sitio\/wp-content\/uploads\/2025\/06\/ANEXO-6-IF-2024-35030478-GDEBA-CGCYEDGCYE-1.docx\" class=\"wp-block-file__button wp-element-button\" download aria-describedby=\"wp-block-file--media-5b10fa9f-e922-41bb-9ab2-a45af98d8a6d\">Descarga<\/a><\/div>\n\n\n\n<p><\/p>\n\n\n\n<p>Declaraci\u00f3n jurada de la y el estudiante mayor de 18 a\u00f1os o emancipada\/o:<\/p>\n\n\n\n<div class=\"wp-block-file\"><a id=\"wp-block-file--media-62eb4a0a-b701-4d59-9349-c5e967c29eba\" href=\"https:\/\/isfd86-bue.infd.edu.ar\/sitio\/wp-content\/uploads\/2025\/06\/ANEXO-7-IF-2024-35030927-GDEBA-CGCYEDGCYE-1.docx\">ANEXO-VII<\/a><a href=\"https:\/\/isfd86-bue.infd.edu.ar\/sitio\/wp-content\/uploads\/2025\/06\/ANEXO-7-IF-2024-35030927-GDEBA-CGCYEDGCYE-1.docx\" class=\"wp-block-file__button wp-element-button\" download aria-describedby=\"wp-block-file--media-62eb4a0a-b701-4d59-9349-c5e967c29eba\">Descarga<\/a><\/div>\n\n\n\n<p><\/p>\n\n\n\n<p>Planilla informe de transporte a contratar:<\/p>\n\n\n\n<div class=\"wp-block-file\"><a id=\"wp-block-file--media-6d3016e4-08f6-4a96-9975-bb060fbbde49\" href=\"https:\/\/isfd86-bue.infd.edu.ar\/sitio\/wp-content\/uploads\/2025\/06\/ANEXO-8-IF-2024-35031394-GDEBA-CGCYEDGCYE-1.docx\">ANEXO-VIII<\/a><a href=\"https:\/\/isfd86-bue.infd.edu.ar\/sitio\/wp-content\/uploads\/2025\/06\/ANEXO-8-IF-2024-35031394-GDEBA-CGCYEDGCYE-1.docx\" class=\"wp-block-file__button wp-element-button\" download aria-describedby=\"wp-block-file--media-6d3016e4-08f6-4a96-9975-bb060fbbde49\">Descarga<\/a><\/div>\n\n\n\n<p><\/p>\n\n\n\n<p>Declarari\u00f3n jurada de directivos de la Salida educativa\/Rep. Institucional:<\/p>\n\n\n\n<div class=\"wp-block-file\"><a id=\"wp-block-file--media-713adf1c-e500-4d02-bd2e-2c7af9a29303\" href=\"https:\/\/isfd86-bue.infd.edu.ar\/sitio\/wp-content\/uploads\/2025\/06\/ANEXO-9-IF-2024-35031909-GDEBA-CGCYEDGCYE-1.docx\">ANEXO-IX<\/a><a href=\"https:\/\/isfd86-bue.infd.edu.ar\/sitio\/wp-content\/uploads\/2025\/06\/ANEXO-9-IF-2024-35031909-GDEBA-CGCYEDGCYE-1.docx\" class=\"wp-block-file__button wp-element-button\" download aria-describedby=\"wp-block-file--media-713adf1c-e500-4d02-bd2e-2c7af9a29303\">Descarga<\/a><\/div>\n\n\n\n<p><\/p>\n","protected":false},"excerpt":{"rendered":"<p>SALIDA EDUCATIVA\/REPRESENTACI\u00d3N INSTITUCIONAL Resoluci\u00f3n firma conjunta: Resoc-2024-3871-DGCyE REQUISITOS GRALES PARA LA REALIZACI\u00d3N DE SALIDAS EDUCATIVAS\/REPRESENTACI\u00d3N INSTITUCIONAL ANEXO I ANEXO II AUTORIZACI\u00d3N GENERAL PARA ACTIVIDADES DURANTE EL CICLO LECTIVO Menores de 18 a\u00f1os: ANEXO III SALIDAS EDUCATIVAS\/REP INSTITUCIONAL (DEM\u00c1S ANEXOS EN WORD) Formulario de itinerario, actividades, objetivos y cronograma: Planilla de estudiantes y acompa\u00f1antes \/planilla de &#8230; <a title=\"Salida educativa\/Rep Inst.\" class=\"read-more\" href=\"https:\/\/isfd86-bue.infd.edu.ar\/sitio\/salida-educativa-rep-inst\/\" aria-label=\"More on Salida educativa\/Rep Inst.\">[+]<\/a><\/p>\n","protected":false},"author":2598,"featured_media":0,"parent":0,"menu_order":0,"comment_status":"closed","ping_status":"closed","template":"","meta":[],"acf":[],"_links":{"self":[{"href":"https:\/\/isfd86-bue.infd.edu.ar\/sitio\/wp-json\/wp\/v2\/pages\/4631"}],"collection":[{"href":"https:\/\/isfd86-bue.infd.edu.ar\/sitio\/wp-json\/wp\/v2\/pages"}],"about":[{"href":"https:\/\/isfd86-bue.infd.edu.ar\/sitio\/wp-json\/wp\/v2\/types\/page"}],"author":[{"embeddable":true,"href":"https:\/\/isfd86-bue.infd.edu.ar\/sitio\/wp-json\/wp\/v2\/users\/2598"}],"replies":[{"embeddable":true,"href":"https:\/\/isfd86-bue.infd.edu.ar\/sitio\/wp-json\/wp\/v2\/comments?post=4631"}],"version-history":[{"count":7,"href":"https:\/\/isfd86-bue.infd.edu.ar\/sitio\/wp-json\/wp\/v2\/pages\/4631\/revisions"}],"predecessor-version":[{"id":4657,"href":"https:\/\/isfd86-bue.infd.edu.ar\/sitio\/wp-json\/wp\/v2\/pages\/4631\/revisions\/4657"}],"wp:attachment":[{"href":"https:\/\/isfd86-bue.infd.edu.ar\/sitio\/wp-json\/wp\/v2\/media?parent=4631"}],"curies":[{"name":"wp","href":"https:\/\/api.w.org\/{rel}","templated":true}]}}

<p>SALIDA EDUCATIVA/REPRESENTACIÓN INSTITUCIONAL</p>



<p>Resolución firma conjunta:</p>



<p>  <a href="https://drive.google.com/file/d/1i2MzLEh8WH8Fj4oVwsm6lJmrWTx5KVA0/view?usp=sharing">Resoc-2024-3871-DGCyE</a></p>



<p><strong>REQUISITOS GRALES PARA LA REALIZACIÓN DE SALIDAS EDUCATIVAS/REPRESENTACIÓN INSTITUCIONAL</strong></p>



<p><a href="https://drive.google.com/file/d/16BiiYBGauEoOuLsNC9ax499Z6GDc79o-/view?usp=sharing">ANEXO I</a></p>



<p><a href="https://drive.google.com/file/d/1Xsjw7ZAWNbOFV-ifHmdSddRegFkfAATH/view?usp=sharing">ANEXO II</a></p>



<p><strong>AUTORIZACIÓN GENERAL PARA ACTIVIDADES DURANTE EL CICLO LECTIVO</strong></p>



<p>Menores de 18 años:</p>



<p><a href="https://drive.google.com/file/d/16MjkKfBetwBfW7lGmUEZjU42XnKVlxPZ/view?usp=sharing">ANEXO III</a></p>



<p><strong>SALIDAS EDUCATIVAS/REP INSTITUCIONAL (DEMÁS ANEXOS EN WORD)</strong></p>



<p>Formulario de itinerario, actividades, objetivos y cronograma: </p>



<div class="wp-block-file"><a id="wp-block-file--media-1a31d832-4cfc-4700-a8a0-dacf56b754ec" href="https://isfd86-bue.infd.edu.ar/sitio/wp-content/uploads/2025/06/ANEXO-4-IF-2024-35029395-GDEBA-CGCYEDGCYE-3.docx">ANEXO-IV</a><a href="https://isfd86-bue.infd.edu.ar/sitio/wp-content/uploads/2025/06/ANEXO-4-IF-2024-35029395-GDEBA-CGCYEDGCYE-3.docx" class="wp-block-file__button wp-element-button" download aria-describedby="wp-block-file--media-1a31d832-4cfc-4700-a8a0-dacf56b754ec">Descarga</a></div>



<p></p>



<p>Planilla de estudiantes y acompañantes /planilla de asistencia:</p>



<div class="wp-block-file"><a id="wp-block-file--media-f7b48be8-3b04-4c6a-b1d7-5bc0065f72df" href="https://isfd86-bue.infd.edu.ar/sitio/wp-content/uploads/2025/06/ANEXO-5-IF-2024-35029666-GDEBA-CGCYEDGCYE-1.docx">ANEXO-V</a><a href="https://isfd86-bue.infd.edu.ar/sitio/wp-content/uploads/2025/06/ANEXO-5-IF-2024-35029666-GDEBA-CGCYEDGCYE-1.docx" class="wp-block-file__button wp-element-button" download aria-describedby="wp-block-file--media-f7b48be8-3b04-4c6a-b1d7-5bc0065f72df">Descarga</a></div>



<p></p>



<p>Planilla informativa y autorización:</p>



<div class="wp-block-file"><a id="wp-block-file--media-5b10fa9f-e922-41bb-9ab2-a45af98d8a6d" href="https://isfd86-bue.infd.edu.ar/sitio/wp-content/uploads/2025/06/ANEXO-6-IF-2024-35030478-GDEBA-CGCYEDGCYE-1.docx">ANEXO-VI</a><a href="https://isfd86-bue.infd.edu.ar/sitio/wp-content/uploads/2025/06/ANEXO-6-IF-2024-35030478-GDEBA-CGCYEDGCYE-1.docx" class="wp-block-file__button wp-element-button" download aria-describedby="wp-block-file--media-5b10fa9f-e922-41bb-9ab2-a45af98d8a6d">Descarga</a></div>



<p></p>



<p>Declaración jurada de la y el estudiante mayor de 18 años o emancipada/o:</p>



<div class="wp-block-file"><a id="wp-block-file--media-62eb4a0a-b701-4d59-9349-c5e967c29eba" href="https://isfd86-bue.infd.edu.ar/sitio/wp-content/uploads/2025/06/ANEXO-7-IF-2024-35030927-GDEBA-CGCYEDGCYE-1.docx">ANEXO-VII</a><a href="https://isfd86-bue.infd.edu.ar/sitio/wp-content/uploads/2025/06/ANEXO-7-IF-2024-35030927-GDEBA-CGCYEDGCYE-1.docx" class="wp-block-file__button wp-element-button" download aria-describedby="wp-block-file--media-62eb4a0a-b701-4d59-9349-c5e967c29eba">Descarga</a></div>



<p></p>



<p>Planilla informe de transporte a contratar:</p>



<div class="wp-block-file"><a id="wp-block-file--media-6d3016e4-08f6-4a96-9975-bb060fbbde49" href="https://isfd86-bue.infd.edu.ar/sitio/wp-content/uploads/2025/06/ANEXO-8-IF-2024-35031394-GDEBA-CGCYEDGCYE-1.docx">ANEXO-VIII</a><a href="https://isfd86-bue.infd.edu.ar/sitio/wp-content/uploads/2025/06/ANEXO-8-IF-2024-35031394-GDEBA-CGCYEDGCYE-1.docx" class="wp-block-file__button wp-element-button" download aria-describedby="wp-block-file--media-6d3016e4-08f6-4a96-9975-bb060fbbde49">Descarga</a></div>



<p></p>



<p>Declararión jurada de directivos de la Salida educativa/Rep. Institucional:</p>



<div class="wp-block-file"><a id="wp-block-file--media-713adf1c-e500-4d02-bd2e-2c7af9a29303" href="https://isfd86-bue.infd.edu.ar/sitio/wp-content/uploads/2025/06/ANEXO-9-IF-2024-35031909-GDEBA-CGCYEDGCYE-1.docx">ANEXO-IX</a><a href="https://isfd86-bue.infd.edu.ar/sitio/wp-content/uploads/2025/06/ANEXO-9-IF-2024-35031909-GDEBA-CGCYEDGCYE-1.docx" class="wp-block-file__button wp-element-button" download aria-describedby="wp-block-file--media-713adf1c-e500-4d02-bd2e-2c7af9a29303">Descarga</a></div>



<p></p>

<p>SALIDA EDUCATIVA/REPRESENTACIÓN INSTITUCIONAL Resolución firma conjunta: Resoc-2024-3871-DGCyE REQUISITOS GRALES PARA LA REALIZACIÓN DE SALIDAS EDUCATIVAS/REPRESENTACIÓN INSTITUCIONAL ANEXO I ANEXO II AUTORIZACIÓN GENERAL PARA ACTIVIDADES DURANTE EL CICLO LECTIVO Menores de 18 años: ANEXO III SALIDAS EDUCATIVAS/REP INSTITUCIONAL (DEMÁS ANEXOS EN WORD) Formulario de itinerario, actividades, objetivos y cronograma: Planilla de estudiantes y acompañantes /planilla de &#8230; <a title="Salida educativa/Rep Inst." class="read-more" href="https://isfd86-bue.infd.edu.ar/sitio/salida-educativa-rep-inst/" aria-label="More on Salida educativa/Rep Inst.">[+]</a></p>
