{"id":3105,"date":"2022-08-26T09:14:42","date_gmt":"2022-08-26T12:14:42","guid":{"rendered":"https:\/\/isfd86-bue.infd.edu.ar\/sitio\/?page_id=3105"},"modified":"2024-05-27T08:10:46","modified_gmt":"2024-05-27T11:10:46","slug":"materias-promocionables","status":"publish","type":"page","link":"https:\/\/isfd86-bue.infd.edu.ar\/sitio\/materias-promocionables\/","title":{"rendered":"MATERIAS PROMOCIONABLES"},"content":{"rendered":"\n<p class=\"has-large-font-size\"><strong>27\/04\/2024<\/strong><\/p>\n\n\n\n<p><strong>El CAI EVALU\u00d3 LOS PEDIDOS POR PROMOCI\u00d3N Y APROB\u00d3 LAS SIGUIENTES UNIDADES CURRICULARES PARA EL CURSADO POR PROMOCI\u00d3N DURANTE EL CICLO LECTIVO 2024<\/strong><\/p>\n\n\n\n<p><\/p>\n\n\n\n<div class=\"wp-block-file\"><object class=\"wp-block-file__embed\" data=\"https:\/\/isfd86-bue.infd.edu.ar\/sitio\/wp-content\/uploads\/2024\/05\/MATERIAS-POR-PROMOCION-PARA-EL-CICLO-LECTIVO-2024.pdf\" type=\"application\/pdf\" style=\"width:100%;height:780px\" aria-label=\"Incrustado de MATERIAS-POR-PROMOCION-PARA-EL-CICLO-LECTIVO-2024.\"><\/object><a id=\"wp-block-file--media-383aa9ce-194e-4ef0-be39-007d63105278\" href=\"https:\/\/isfd86-bue.infd.edu.ar\/sitio\/wp-content\/uploads\/2024\/05\/MATERIAS-POR-PROMOCION-PARA-EL-CICLO-LECTIVO-2024.pdf\">MATERIAS-POR-PROMOCION-PARA-EL-CICLO-LECTIVO-2024<\/a><a href=\"https:\/\/isfd86-bue.infd.edu.ar\/sitio\/wp-content\/uploads\/2024\/05\/MATERIAS-POR-PROMOCION-PARA-EL-CICLO-LECTIVO-2024.pdf\" class=\"wp-block-file__button wp-element-button\" download aria-describedby=\"wp-block-file--media-383aa9ce-194e-4ef0-be39-007d63105278\">Descarga<\/a><\/div>\n\n\n\n<p><\/p>\n\n\n\n<p class=\"has-large-font-size\"><strong>20\/04\/2023<\/strong><\/p>\n\n\n\n<p class=\"has-medium-font-size\"><strong>El CAI EVALU\u00d3 LOS PEDIDOS POR PROMOCI\u00d3N Y APROB\u00d3 LAS SIGUIENTES UNIDADES CURRICULARES PARA EL CURSADO POR PROMOCI\u00d3N DURANTE EL CICLO LECTIVO 2023<\/strong><\/p>\n\n\n\n<div class=\"wp-block-file\"><object class=\"wp-block-file__embed\" data=\"https:\/\/isfd86-bue.infd.edu.ar\/sitio\/wp-content\/uploads\/2023\/05\/MATERIAS-CON-PROMOCION-2023.pdf\" type=\"application\/pdf\" style=\"width:100%;height:760px\" aria-label=\"Incrustado de MATERIAS-CON-PROMOCION-2023.\"><\/object><a id=\"wp-block-file--media-057e0f7e-1661-4a64-a017-23827aae977e\" href=\"https:\/\/isfd86-bue.infd.edu.ar\/sitio\/wp-content\/uploads\/2023\/05\/MATERIAS-CON-PROMOCION-2023.pdf\">MATERIAS-CON-PROMOCION-2023<\/a><a href=\"https:\/\/isfd86-bue.infd.edu.ar\/sitio\/wp-content\/uploads\/2023\/05\/MATERIAS-CON-PROMOCION-2023.pdf\" class=\"wp-block-file__button wp-element-button\" download aria-describedby=\"wp-block-file--media-057e0f7e-1661-4a64-a017-23827aae977e\">Descarga<\/a><\/div>\n\n\n\n<p><\/p>\n\n\n\n<p><\/p>\n\n\n\n<h2 class=\"wp-block-heading\"><strong><em>26\/08\/2022<\/em><\/strong><\/h2>\n\n\n\n<h2 class=\"wp-block-heading\">El CAI evalu\u00f3 los pedidos por promoci\u00f3n y aprob\u00f3 las siguientes unidades curriculares para el cursado por promoci\u00f3n durante el <strong>ciclo lectivo 2022 <\/strong><\/h2>\n\n\n\n<figure class=\"wp-block-image size-large is-style-default\"><img decoding=\"async\" loading=\"lazy\" width=\"855\" height=\"852\" src=\"https:\/\/isfd86-bue.infd.edu.ar\/sitio\/wp-content\/uploads\/2022\/08\/Captura1.jpg\" alt=\"\" class=\"wp-image-3110\" srcset=\"https:\/\/isfd86-bue.infd.edu.ar\/sitio\/wp-content\/uploads\/2022\/08\/Captura1.jpg 855w, https:\/\/isfd86-bue.infd.edu.ar\/sitio\/wp-content\/uploads\/2022\/08\/Captura1-768x765.jpg 768w\" sizes=\"(max-width: 855px) 100vw, 855px\" \/><\/figure>\n\n\n\n<figure class=\"wp-block-image size-large is-style-default\"><img decoding=\"async\" loading=\"lazy\" width=\"848\" height=\"850\" src=\"https:\/\/isfd86-bue.infd.edu.ar\/sitio\/wp-content\/uploads\/2022\/08\/Captura2.jpg\" alt=\"\" class=\"wp-image-3111\" srcset=\"https:\/\/isfd86-bue.infd.edu.ar\/sitio\/wp-content\/uploads\/2022\/08\/Captura2.jpg 848w, https:\/\/isfd86-bue.infd.edu.ar\/sitio\/wp-content\/uploads\/2022\/08\/Captura2-500x500.jpg 500w, https:\/\/isfd86-bue.infd.edu.ar\/sitio\/wp-content\/uploads\/2022\/08\/Captura2-768x770.jpg 768w\" sizes=\"(max-width: 848px) 100vw, 848px\" \/><\/figure>\n\n\n\n<figure class=\"wp-block-image size-large is-style-default\"><img decoding=\"async\" loading=\"lazy\" width=\"848\" height=\"853\" src=\"https:\/\/isfd86-bue.infd.edu.ar\/sitio\/wp-content\/uploads\/2022\/08\/Captura3.jpg\" alt=\"\" class=\"wp-image-3112\" srcset=\"https:\/\/isfd86-bue.infd.edu.ar\/sitio\/wp-content\/uploads\/2022\/08\/Captura3.jpg 848w, https:\/\/isfd86-bue.infd.edu.ar\/sitio\/wp-content\/uploads\/2022\/08\/Captura3-768x773.jpg 768w\" sizes=\"(max-width: 848px) 100vw, 848px\" \/><\/figure>\n\n\n\n<figure class=\"wp-block-image size-large is-style-default\"><img decoding=\"async\" loading=\"lazy\" width=\"854\" height=\"850\" src=\"https:\/\/isfd86-bue.infd.edu.ar\/sitio\/wp-content\/uploads\/2022\/08\/Captura4.jpg\" alt=\"\" class=\"wp-image-3113\" srcset=\"https:\/\/isfd86-bue.infd.edu.ar\/sitio\/wp-content\/uploads\/2022\/08\/Captura4.jpg 854w, https:\/\/isfd86-bue.infd.edu.ar\/sitio\/wp-content\/uploads\/2022\/08\/Captura4-768x764.jpg 768w\" sizes=\"(max-width: 854px) 100vw, 854px\" \/><\/figure>\n","protected":false},"excerpt":{"rendered":"<p>27\/04\/2024 El CAI EVALU\u00d3 LOS PEDIDOS POR PROMOCI\u00d3N Y APROB\u00d3 LAS SIGUIENTES UNIDADES CURRICULARES PARA EL CURSADO POR PROMOCI\u00d3N DURANTE EL CICLO LECTIVO 2024 20\/04\/2023 El CAI EVALU\u00d3 LOS PEDIDOS POR PROMOCI\u00d3N Y APROB\u00d3 LAS SIGUIENTES UNIDADES CURRICULARES PARA EL CURSADO POR PROMOCI\u00d3N DURANTE EL CICLO LECTIVO 2023 26\/08\/2022 El CAI evalu\u00f3 los pedidos por &#8230; <a title=\"MATERIAS PROMOCIONABLES\" class=\"read-more\" href=\"https:\/\/isfd86-bue.infd.edu.ar\/sitio\/materias-promocionables\/\" aria-label=\"More on MATERIAS PROMOCIONABLES\">[+]<\/a><\/p>\n","protected":false},"author":2313,"featured_media":0,"parent":0,"menu_order":0,"comment_status":"closed","ping_status":"closed","template":"","meta":[],"acf":[],"_links":{"self":[{"href":"https:\/\/isfd86-bue.infd.edu.ar\/sitio\/wp-json\/wp\/v2\/pages\/3105"}],"collection":[{"href":"https:\/\/isfd86-bue.infd.edu.ar\/sitio\/wp-json\/wp\/v2\/pages"}],"about":[{"href":"https:\/\/isfd86-bue.infd.edu.ar\/sitio\/wp-json\/wp\/v2\/types\/page"}],"author":[{"embeddable":true,"href":"https:\/\/isfd86-bue.infd.edu.ar\/sitio\/wp-json\/wp\/v2\/users\/2313"}],"replies":[{"embeddable":true,"href":"https:\/\/isfd86-bue.infd.edu.ar\/sitio\/wp-json\/wp\/v2\/comments?post=3105"}],"version-history":[{"count":5,"href":"https:\/\/isfd86-bue.infd.edu.ar\/sitio\/wp-json\/wp\/v2\/pages\/3105\/revisions"}],"predecessor-version":[{"id":4186,"href":"https:\/\/isfd86-bue.infd.edu.ar\/sitio\/wp-json\/wp\/v2\/pages\/3105\/revisions\/4186"}],"wp:attachment":[{"href":"https:\/\/isfd86-bue.infd.edu.ar\/sitio\/wp-json\/wp\/v2\/media?parent=3105"}],"curies":[{"name":"wp","href":"https:\/\/api.w.org\/{rel}","templated":true}]}}